hat is the units digit of m(-4)?
2
Let q be -2 + -1 + 6 + -8. Let v = q - -10. Suppose 0 = -v*r + 47 + 18. What is the tens digit of r?
1
Let d(b) be the first derivative of b**4/4 - 4*b**3 + 13*b**2/2 - 15*b + 2. What is the units digit of d(11)?
7
Suppose -3*d - d = 2*o - 180, 2*d = 5*o + 114. What is the units digit of d?
7
What is the tens digit of 42 + 5/(20/16)?
4
Suppose -12 = 4*b, 5*b + 14 = 2*g - 11. Suppose -5*q - 5 = -k - 2*q, k + q - g = 0. What is the units digit of k?
5
Suppose 3*b - 2*q - 42 = 0, -5*q - 32 = -3*b + 10. What is the tens digit of b?
1
Let g(m) = m**3 - 4*m**2 + 2*m + 5. Let p be g(4). Let r = -8 + p. What is the units digit of r?
5
Suppose 4*w - 3*w - 27 = b, -4*w - 2*b = -120. What is the units digit of w?
9
Suppose -4*b = 18 - 66. Let t be (b/(-9) + 1)*-15. Suppose -t*s + 3*s - 5*d = 12, 5*s + 5*d = 0. What is the units digit of s?
4
Let q be 0/2*(-3)/(-6). Suppose 2*j + 37 + 7 = q. What is the tens digit of 15/10*j/(-3)?
1
Suppose -2*y - o + 26 = o, 4*y + 3*o = 53. Let i be 4/y + 26/7. Let m = 8 - i. What is the units digit of m?
4
Let v = -16 - -27. Let m = 13 + v. Suppose 0*t + h - m = -2*t, 5*h + 36 = 3*t. What is the units digit of t?
2
Suppose 0*c = 2*y - 5*c - 20, 2*y + 2*c = 6. Suppose 3*l = -y*g - 0*g + 185, -30 = -g - 2*l. What is the tens digit of g?
4
Let f(a) = a**2 + 5*a. Let w be f(-5). Let x be 4 + -10 + w/(-2). Let k = 11 + x. What is the units digit of k?
5
Let g(l) = l**2 + 6*l - 7. Let h be g(-5). Let z = h + 15. What is the units digit of z?
3
Let v(f) = f**3 + 13*f**2 + 9*f. Suppose -12 = w - 0*w. Let y be v(w). Let m = -23 + y. What is the tens digit of m?
1
Let b(d) = -6 - 5 + d**2 + 10 - 26*d**3. What is the tens digit of b(-1)?
2
Let h be 0/1*(-4 - -5). Suppose 5*w - 180 = -0*d - d, 3*d - 15 = h. Let l = w + -13. What is the tens digit of l?
2
Let b = 3 + 13. What is the tens digit of b?
1
Let d(o) = -o + 21. Suppose -5*w + 6*w = 0. Let f be d(w). Suppose -7*r + 2*r = 3*p - f, -3*r = 0. What is the units digit of p?
7
Let y(o) = -o - 1. Let n be y(-4). Suppose -4*i - 36 = -2*r, -2*r + 3*i = -n*r + 8. Suppose 0 = 4*k + 4*a - 8, 2*k - 3*a = k + r. What is the units digit of k?
5
Suppose 5*j - 29 - 101 = 0. What is the units digit of j?
6
Let h = 2 + 1. Suppose 4*f - 82 = -s, -3*f + 57 = -0*f + h*s. What is the tens digit of f?
2
Let g = 83 - 8. What is the tens digit of g?
7
Let q(u) be the first derivative of u**4/4 + 4*u**3/3 + u**2/2 - 2*u + 2. What is the units digit of q(-3)?
4
Let j(y) = -y**2 + 5*y + 2. Let a be j(6). Let f = a - -4. Suppose 0*i - i + 13 = f. What is the tens digit of i?
1
Let n be 55/44 + (-2)/8. Let u(a) = 29*a**3 - a**2 - a + 1. What is the tens digit of u(n)?
2
What is the tens digit of 370/4*28/175*5?
7
Let w(s) = -2*s + 3*s - 3 + 0*s. Let m be w(2). What is the tens digit of m/(((-6)/(-3))/(-22))?
1
Suppose 0 = -k - 4*k + u + 53, -3*u = -2*k + 16. What is the tens digit of (5/5)/(1/k)?
1
Let k(z) = 3 - 1 + 0 - 6*z - 1. What is the units digit of k(-1)?
7
Let i be 3 + 3 + (-3 - 48). What is the units digit of i/(-6)*(-8)/(-6)?
0
Suppose 4*f + 2*b - 94 = 3*f, -5*f + 440 = 4*b. What is the units digit of f?
4
Let n = 5 + -2. Let a(c) = 3*c**2 + 13 - 3*c**n - 10*c**2 - 3 + 9*c + 2*c**3. What is the units digit of a(-8)?
2
What is the units digit of ((-1)/2)/(2/(-4)) + 56?
7
Suppose 0 = 5*x - 33 - 22. Let f = x + 8. What is the units digit of f?
9
Let i(j) = -3*j**3 + 7*j**2 + j + 2. Let p(w) = 5*w**3 - 13*w**2 - w - 3. Let z(y) = -7*i(y) - 4*p(y). What is the units digit of z(-2)?
8
What is the tens digit of ((-132)/(-7))/(-1)*-7?
3
Let t be (-13)/(1/(-2)*1). Suppose 0 = -i + 2, 3*i = -11*a + 6*a + t. What is the units digit of a?
4
Let c = 21 - 9. Suppose t - 5 = 0, -2*p + 5*t - c = -1. What is the units digit of p?
7
Let x(v) = -v**2 - 7*v - 4. Let o = 2 - 2. Suppose -2*q + 4*u = -o*q, 2*u + 6 = 0. What is the units digit of x(q)?
2
Let o be -4*(-2 + 9/6). Suppose -o*r + r = 3*t - 11, t + 5*r + 15 = 0. Suppose 0 = 6*q - q - t*v - 105, 0 = q + v - 11. What is the units digit of q?
6
Suppose -3*l + 8*l - 3*h - 253 = 0, 0 = 4*l - h - 201. What is the tens digit of l?
5
Suppose -3*k + 3*m = -444 + 51, -5*k + 643 = -m. What is the units digit of k?
8
Suppose 0 = -2*j - 0*j + 238. What is the hundreds digit of j?
1
Let i(m) = -2*m + 3. Let s be i(-3). Suppose -d + 3 = -q - s, 3*d + 2*q = 41. What is the tens digit of d?
1
Let m(h) be the first derivative of -h**5/60 + h**4/12 - 2*h**3/3 + 3. Let u(g) be the third derivative of m(g). What is the units digit of u(-4)?
0
Suppose -2*r - 3*v + 6 = 0, -16 = -4*r - 5*v - 4. What is the units digit of r?
3
Suppose -3*m = -197 - 91. What is the units digit of m?
6
Let w(x) = -x**3 + 10*x**2 - 10*x + 2. Let m be w(8). Let n = m - 35. Suppose -6*o + 3*o + n = 0. What is the units digit of o?
5
Suppose 0 = -n + 6 + 6. What is the tens digit of n?
1
Suppose -2*x - 1 = -p + 6, -5*p + 5*x = -30. Suppose -65 + 10 = -p*u. What is the tens digit of u?
1
Let g = 11 - 8. Let w be -1 - g - (-6 - -4). Let y = w + 9. What is the units digit of y?
7
Suppose -4*w = -3*g - 5, -2*g - g = -5*w + 7. Suppose d + 5*b = -2 - w, -5*d = b + 68. Let o = -8 - d. What is the units digit of o?
6
What is the units digit of ((-437)/4)/((-1)/4)?
7
Let i(v) = 0*v + 2*v + 10*v**2 - 3*v. What is the tens digit of i(2)?
3
Let t = -4 - 5. Let n(w) = -w**2 + w - 1. Let b(k) = 12*k + 5. Let c(v) = -b(v) + n(v). What is the units digit of c(t)?
2
Let f be (-44)/(-7) + 2/(-7). Let b = f + 2. What is the units digit of b?
8
Suppose 0 = k + 3*z - 53, -5*z - 14 + 1 = -k. Let h = k - 22. What is the units digit of h?
6
Let l = 3 - 4. Let s(z) = -27*z. What is the units digit of s(l)?
7
Let w(y) = -y**3 - 13*y**2 - 12*y + 7. What is the units digit of w(-12)?
7
Let f = 26 + -18. Let d(z) = z**2 - 9*z + 6. Let x be d(f). What is the units digit of (2/x)/((-3)/12)?
4
Suppose -2*n + 20 = 3*p, -11 = -4*p + 5. Suppose -n*s = -26 - 10. What is the units digit of s?
9
Suppose -5*i + 4*o = -193 - 183, 4*o - 128 = -2*i. What is the units digit of i?
2
Let d(s) = -2*s - 4. Let q be d(-6). Suppose 3*b = -q - 4, 5*j - 15 = 5*b. What is the units digit of 1/(10/(-12) - j)?
6
Let c = 476 + -221. What is the hundreds digit of c?
2
Suppose -4*t = 2*x - 3*x - 77, 3*x - 92 = -5*t. What is the tens digit of t?
1
Let o be -90 + 1/(3/6). Let l be o/(-33) + (-2)/(-6). Suppose -5*j + 4*x - 2*x = -53, -l*x + 33 = 5*j. What is the units digit of j?
9
Suppose -2*v + 0 = -28. What is the tens digit of v?
1
Let u(l) = -16*l**3 + 2*l**2 + 12*l + 19. What is the hundreds digit of u(-2)?
1
Suppose g = 2*s - 11, 6*s - 18 = -2*g + 2*s. Let v = g - -6. What is the units digit of v?
5
Suppose 0*l + 6 = 3*l, 3*h - 2*l = 14. Suppose -3*d = -d - h. Let z = 5 - d. What is the units digit of z?
2
Let y = 10 + -10. Suppose -4*b + 66 - 10 = y. What is the units digit of b?
4
Let a(o) be the third derivative of o**6/120 + o**5/60 + o**4/24 + o**3 - o**2. Let c be a(0). Let d(g) = -g**2 + 5*g + 8. What is the units digit of d(c)?
2
Let r be 3/((2/10)/(-1)). Let g be r - (1 + 1) - 0. Let k = -7 - g. What is the tens digit of k?
1
Suppose -2*r + 14 = 5*q, -r + 1 = 2*q - 4. Let c(a) = -a**2 + 4*a + 5. Let o be c(q). Suppose -58 - 2 = -o*y. What is the tens digit of y?
1
Suppose 20*y + 18 = 21*y. What is the units digit of y?
8
Suppose -v - 3 + 6 = 0. Let s = -3 - -6. Suppose 3 = v*g - s. What is the units digit of g?
2
Let r(h) = -2*h - 8. Suppose 5*m + 20 = 0, 0*m = 2*b + m + 16. Let a be r(b). What is the units digit of (-2)/(-4) - (-26)/a?
7
Suppose 4 + 91 = -5*o. Let f = 43 + o. What is the tens digit of f?
2
Suppose -5*z + 8 = -z. Suppose -2*j - 16 = z*j. Let o = j + 7. What is the units digit of o?
3
Let x(c) = 14*c. What is the units digit of x(1)?
4
Suppose -2*l - 2 - 2 = 0, 4*o = -5*l + 242. What is the units digit of o?
3
Suppose 2*i + 1 = -7. Let c = 29 + i. What is the tens digit of c?
2
Suppose -3*w + 64 = 7. Suppose 2*o - o + 4*r = -w, -o = -2*r - 5. What is the units digit of (16/(-12))/(2/o)?
2
Let m(s) = 5*s + 1. Suppose 4*c = 2*q + 6, q - 4*q + 1 = -c. Suppose 4*w = 4*u + 6 + c, -u = w - 2. What is the units digit of m(w)?
1
Let l(a) = 9*a + 5*a + 12*a + 2. What is the units digit of l(1)?
8
Su